 437 is divided by 213?
11
Calculate the remainder when 1138 is divided by 25.
13
Calculate the remainder when 192 is divided by 61.
9
Calculate the remainder when 59 is divided by 41.
18
What is the remainder when 5803 is divided by 24?
19
Calculate the remainder when 2736 is divided by 17.
16
What is the remainder when 181 is divided by 157?
24
Calculate the remainder when 251 is divided by 16.
11
Calculate the remainder when 565 is divided by 26.
19
Calculate the remainder when 1432 is divided by 288.
280
What is the remainder when 209 is divided by 15?
14
Calculate the remainder when 808 is divided by 41.
29
Calculate the remainder when 78 is divided by 54.
24
What is the remainder when 41845 is divided by 122?
121
Calculate the remainder when 173 is divided by 59.
55
Calculate the remainder when 279 is divided by 16.
7
Calculate the remainder when 7148 is divided by 13.
11
What is the remainder when 16 is divided by 6?
4
What is the remainder when 41 is divided by 31?
10
What is the remainder when 247 is divided by 10?
7
What is the remainder when 760 is divided by 127?
125
Calculate the remainder when 37 is divided by 10.
7
Calculate the remainder when 159 is divided by 125.
34
What is the remainder when 22999 is divided by 50?
49
What is the remainder when 186 is divided by 56?
18
What is the remainder when 165 is divided by 93?
72
What is the remainder when 33 is divided by 18?
15
Calculate the remainder when 7607 is divided by 317.
316
Calculate the remainder when 644 is divided by 38.
36
Calculate the remainder when 5647 is divided by 69.
58
What is the remainder when 5262 is divided by 438?
6
What is the remainder when 124 is divided by 21?
19
Calculate the remainder when 79 is divided by 38.
3
What is the remainder when 407 is divided by 192?
23
Calculate the remainder when 791 is divided by 2.
1
Calculate the remainder when 137 is divided by 16.
9
What is the remainder when 112 is divided by 23?
20
Calculate the remainder when 164 is divided by 84.
80
What is the remainder when 157 is divided by 149?
8
What is the remainder when 176 is divided by 58?
2
What is the remainder when 105 is divided by 84?
21
Calculate the remainder when 87 is divided by 79.
8
What is the remainder when 942 is divided by 54?
24
What is the remainder when 12538 is divided by 209?
207
What is the remainder when 775 is divided by 417?
358
Calculate the remainder when 1227 is divided by 5.
2
What is the remainder when 387 is divided by 23?
19
What is the remainder when 207 is divided by 7?
4
Calculate the remainder when 1933 is divided by 176.
173
Calculate the remainder when 927 is divided by 93.
90
Calculate the remainder when 7400 is divided by 4.
0
What is the remainder when 204 is divided by 191?
13
Calculate the remainder when 40 is divided by 11.
7
What is the remainder when 221 is divided by 72?
5
What is the remainder when 94 is divided by 25?
19
What is the remainder when 111 is divided by 55?
1
Calculate the remainder when 5139 is divided by 139.
135
What is the remainder when 214 is divided by 45?
34
What is the remainder when 151 is divided by 38?
37
Calculate the remainder when 363 is divided by 6.
3
What is the remainder when 13256 is divided by 15?
11
Calculate the remainder when 247 is divided by 18.
13
What is the remainder when 107 is divided by 28?
23
What is the remainder when 7654 is divided by 3827?
0
What is the remainder when 248 is divided by 10?
8
What is the remainder when 386 is divided by 65?
61
What is the remainder when 49 is divided by 44?
5
Calculate the remainder when 579 is divided by 7.
5
What is the remainder when 13532 is divided by 141?
137
What is the remainder when 243 is divided by 117?
9
What is the remainder when 62 is divided by 40?
22
What is the remainder when 100 is divided by 90?
10
What is the remainder when 401 is divided by 19?
2
What is the remainder when 98 is divided by 26?
20
Calculate the remainder when 1147 is divided by 125.
22
What is the remainder when 273 is divided by 69?
66
Calculate the remainder when 1327 is divided by 575.
177
Calculate the remainder when 2851 is divided by 92.
91
What is the remainder when 135 is divided by 49?
37
Calculate the remainder when 162 is divided by 85.
77
Calculate the remainder when 13153 is divided by 92.
89
Calculate the remainder when 11437 is divided by 176.
173
Calculate the remainder when 3271 is divided by 54.
31
Calculate the remainder when 271 is divided by 21.
19
Calculate the remainder when 6452 is divided by 9.
8
What is the remainder when 494 is divided by 31?
29
What is the remainder when 6019 is divided by 163?
151
Calculate the remainder when 919 is divided by 23.
22
Calculate the remainder when 3439 is divided by 21.
16
What is the remainder when 146 is divided by 30?
26
What is the remainder when 226 is divided by 45?
1
Calculate the remainder when 3404 is divided by 67.
54
Calculate the remainder when 237 is divided by 31.
20
Calculate the remainder when 3073 is divided by 282.
253
Calculate the remainder when 167 is divided by 5.
2
What is the remainder when 3870 is divided by 102?
96
Calculate the remainder when 144 is divided by 27.
9
What is the remainder when 626 is divided by 161?
143
What is the remainder when 73 is divided by 24?
1
What is the remainder when 101 is divided by 62?
39
Calculate the remainder when 2974 is divided by 85.
84
What is the remainder when 37 is divided by 25?
12
Calculate the remainder when 815 is divided by 42.
17
Calculate the remainder when 701 is divided by 348.
5
Calculate the remainder when 2418 is divided by 63.
24
Calculate the remainder when 176 is divided by 45.
41
Calculate the remainder when 353 is divided by 10.
3
Calculate the remainder when 10526 is divided by 301.
292
What is the remainder when 67 is divided by 14?
11
Calculate the remainder when 463 is divided by 2.
1
Calculate the remainder when 912 is divided by 325.
262
What is the remainder when 7333 is divided by 29?
25
What is the remainder when 52 is divided by 36?
16
Calculate the remainder when 2678 is divided by 67.
65
Calculate the remainder when 695 is divided by 28.
23
Calculate the remainder when 198 is divided by 96.
6
Calculate the remainder when 524 is divided by 89.
79
What is the remainder when 382 is divided by 32?
30
Calculate the remainder when 1964 is divided by 217.
11
Calculate the remainder when 556 is divided by 43.
40
Calculate the remainder when 64 is divided by 21.
1
Calculate the remainder when 279 is divided by 54.
9
Calculate the remainder when 141 is divided by 42.
15
What is the remainder when 100 is divided by 98?
2
What is the remainder when 335 is divided by 166?
3
Calculate the remainder when 20413 is divided by 116.
113
What is the remainder when 162 is divided by 68?
26
What is the remainder when 698 is divided by 209?
71
What is the remainder when 8654 is divided by 18?
14
What is the remainder when 1360 is divided by 62?
58
What is the remainder when 195 is divided by 41?
31
Calculate the remainder when 209 is divided by 6.
5
What is the remainder when 614 is divided by 77?
75
Calculate the remainder when 122 is divided by 41.
40
Calculate the remainder when 62 is divided by 24.
14
What is the remainder when 684 is divided by 11?
2
Calculate the remainder when 10409 is divided by 15.
14
Calculate the remainder when 349 is divided by 102.
43
What is the remainder when 2521 is divided by 1250?
21
What is the remainder when 2689 is divided by 20?
9
Calculate the remainder when 278 is divided by 59.
42
What is the remainder when 4 is divided by 2?
0
Calculate the remainder when 136 is divided by 75.
61
Calculate the remainder when 190 is divided by 18.
10
Calculate the remainder when 583 is divided by 42.
37
What is the remainder when 175 is divided by 45?
40
Calculate the remainder when 1747 is divided by 108.
19
What is the remainder when 5078 is divided by 846?
2
Calculate the remainder when 3068 is divided by 83.
80
What is the remainder when 180 is divided by 83?
14
Calculate the remainder when 363 is divided by 49.
20
Calculate the remainder when 978 is divided by 486.
6
What is the remainder when 120 is divided by 37?
9
What is the remainder when 2375 is divided by 19?
0
Calculate the remaind